-2 + 6508?
6506
In base 3, what is 12 - 10120022?
-10120010
In base 12, what is 12 + 7907?
7919
In base 12, what is 1908 - 15?
18b3
In base 8, what is -1605 - 2212?
-4017
In base 9, what is -2 + -8612?
-8614
In base 8, what is 0 - 4667211?
-4667211
In base 11, what is -2 - 25866?
-25868
In base 12, what is -14b - -61?
-aa
In base 7, what is -11325 - 133?
-11461
In base 13, what is -1518a - 0?
-1518a
In base 12, what is -38b13 - -1?
-38b12
In base 14, what is 22bd - 6?
22b7
In base 15, what is -5 - -e94?
e8e
In base 4, what is 202223 + 3010?
211233
In base 5, what is -2122 - -230134?
223012
In base 5, what is -32 + -11303100?
-11303132
In base 14, what is -1032 - 116?
-1148
In base 14, what is -59 - 74c?
-7a7
In base 12, what is -6 - 1664?
-166a
In base 15, what is -20ec6 - -7?
-20ebe
In base 14, what is -6 + 1d69?
1d63
In base 11, what is -28 + 35a1?
3574
In base 12, what is -ab51 + -5?
-ab56
In base 8, what is -664 - -210?
-454
In base 10, what is -105 - -78?
-27
In base 14, what is -23a - -310?
b4
In base 2, what is 1100100001011101 + -1?
1100100001011100
In base 9, what is -186 + -51306?
-51503
In base 10, what is -1359 - 143?
-1502
In base 14, what is c + 2539?
2547
In base 7, what is -356000 + 43?
-355624
In base 10, what is 112 + 385?
497
In base 6, what is -2 - 1001150?
-1001152
In base 4, what is 10013 - -12221?
22300
In base 6, what is 3 + 42113?
42120
In base 6, what is 13 + -3034303?
-3034250
In base 2, what is 101 + 11100101101100?
11100101110001
In base 9, what is -4 + 125646?
125642
In base 2, what is 100001111001101010000 - 1?
100001111001101001111
In base 11, what is -aa7 + -127?
-1123
In base 8, what is -30 - 4401?
-4431
In base 15, what is -2 - 527a0?
-527a2
In base 10, what is 3 - 55630?
-55627
In base 10, what is 11 - 276794?
-276783
In base 16, what is -32a - -20a?
-120
In base 10, what is -17 + -22212?
-22229
In base 9, what is -125681 - 8?
-125700
In base 14, what is -7 + 4903?
48da
In base 12, what is -1337 + -b5?
-1430
In base 7, what is -502 - 40?
-542
In base 3, what is 1 - -2102222?
2110000
In base 15, what is 0 + 858ba?
858ba
In base 3, what is -100120101220 - -20?
-100120101200
In base 12, what is -5a4 + 52?
-552
In base 14, what is -9693 - -13?
-9680
In base 10, what is 87 + 283?
370
In base 15, what is -1 - -1bda?
1bd9
In base 6, what is -3 - 14245435?
-14245442
In base 10, what is -606372 - -4?
-606368
In base 15, what is 1b - -5426?
5442
In base 6, what is 142 + -11531?
-11345
In base 8, what is -155 - 574?
-751
In base 8, what is -1 + -61745?
-61746
In base 6, what is -14 - -14211?
14153
In base 4, what is 10301 + 2220?
13121
In base 16, what is 1 + -b20?
-b1f
In base 12, what is 3bb8 + 4?
4000
In base 13, what is -2bc55 - 5?
-2bc5a
In base 14, what is -b + 29c39?
29c2c
In base 15, what is -3721 - -5?
-371b
In base 15, what is -238 - aec?
-d35
In base 6, what is 52 - -1443431?
1443523
In base 4, what is 3 - 13221122?
-13221113
In base 6, what is -3420205 + -3?
-3420212
In base 10, what is 189537 - 0?
189537
In base 14, what is -34 - -b97?
b63
In base 8, what is -717211 + 21?
-717170
In base 2, what is -1101110010100111010 - -100?
-1101110010100110110
In base 7, what is 20400 + 562?
21262
In base 2, what is -11101011 - 1011?
-11110110
In base 11, what is 142 + a2?
234
In base 3, what is 121 + -11201012?
-11200121
In base 2, what is -110111 - -101110010101?
101101011110
In base 10, what is -52174 + 17?
-52157
In base 14, what is d64c - -3?
d651
In base 13, what is 7c + -a330?
-a281
In base 2, what is 10110000001 - -111101000?
11101101001
In base 12, what is -153a28a + -4?
-153a292
In base 10, what is 2 - 732735?
-732733
In base 5, what is 1024142 + 40?
1024232
In base 5, what is 43020 + 22?
43042
In base 2, what is 10 + 1100110000110?
1100110001000
In base 9, what is 142365 - 1?
142364
In base 10, what is 6 + 310899?
310905
In base 11, what is 10 - 2548?
-2538
In base 7, what is 4 - 1032010?
-1032003
In base 16, what is 1 + -2afa?
-2af9
In base 5, what is 2041311 - -241?
2042102
In base 16, what is 6 - -85c0?
85c6
In base 10, what is -950 + -658?
-1608
In base 5, what is 0 - -30343?
30343
In base 12, what is -22 + 3a15?
39b3
In base 13, what is 3 - -553?
556
In base 8, what is -243 - 156?
-421
In base 2, what is -101 - -110101011010010?
110101011001101
In base 8, what is -233 - -136?
-75
In base 15, what is 168 + -1?
167
In base 13, what is -ab744 + -2?
-ab746
In base 2, what is -1 - 110011110111111?
-110011111000000
In base 4, what is 1002333 - 213?
1002120
In base 14, what is -1178 + c4?
-1094
In base 8, what is 0 + -3023?
-3023
In base 12, what is -799 - -12?
-787
In base 7, what is -1622063 - 3?
-1622066
In base 11, what is 2497 - -3?
249a
In base 12, what is -79 + 19a13?
19956
In base 9, what is -852 - 5663?
-6625
In base 9, what is 54854 - -44?
55008
In base 15, what is -e4b - -3d2?
-a69
In base 15, what is -5 + -6653?
-6658
In base 6, what is 130403115 + 3?
130403122
In base 4, what is -1012201300 + 3?
-1012201231
In base 3, what is 12 + -1020201201?
-1020201112
In base 4, what is 0 + -212123?
-212123
In base 8, what is -20 + 223?
203
In base 7, what is 0 - -21050611?
21050611
In base 2, what is 111000001 - 10001000?
100111001
In base 13, what is -4b1 + 23?
-48b
In base 5, what is 4121300 - 14?
4121231
In base 2, what is 100110001 + 11001100101?
11110010110
In base 9, what is -451405 - 2?
-451407
In base 5, what is -13212 - -3431?
-4231
In base 7, what is -23 - -6452?
6426
In base 6, what is -2 - -342410?
342404
In base 8, what is 542572 - -2?
542574
In base 14, what is 2924 + -34?
28d0
In base 2, what is 10001011010111100 + -101?
10001011010110111
In base 16, what is -8 + -2947a?
-29482
In base 14, what is 15 + -5217?
-5202
In base 11, what is -1 - 62782?
-62783
In base 2, what is 1000111011 - -100001?
1001011100
In base 16, what is 90a + 10?
91a
In base 3, what is -20222 + 11211?
-2011
In base 8, what is 625331 + 13?
625344
In base 13, what is 653b7 - -1?
653b8
In base 10, what is 87 + -149?
-62
In base 9, what is -41 - -2441?
2400
In base 7, what is -2101125 - -4?
-2101121
In base 4, what is -102101 - 101?
-102202
In base 4, what is -11022 + 11233?
211
In base 6, what is 51 + 141?
232
In base 12, what is 171 + 470?
621
In base 3, what is 20 + -100022210?
-100022120
In base 11, what is 30a - -117?
426
In base 2, what is 10011110100 - -1?
10011110101
In base 2, what is -100 - -1001101111010?
1001101110110
In base 14, what is -3d3 - -22?
-3b1
In base 4, what is 21 - 3030201?
-3030120
In base 7, what is -51655 - 104?
-52062
In base 15, what is 2 + -18858?
-18856
In base 11, what is 6 + 249?
254
In base 10, what is -4 - -11162?
11158
In base 4, what is -13023 + 302?
-12121
In base 4, what is 213 + 2001?
2220
In base 3, what is 10022222222 + -2?
10022222220
In base 13, what is -29 + -b79?
-ba5
In base 12, what is -111 + 4a?
-83
In base 11, what is 5 - 9682?
-9678
In base 3, what is 10001210022221 + 0?
10001210022221
In base 4, what is 11330 - -200200?
212130
In base 15, what is -10 + -cec?
-d0c
In base 13, what is 13c2 - 136?
1289
In base 13, what is -1133 + 13?
-1120
In base 13, what is 12a888 - -4?
12a88c
In base 5, what is 1400 + 422?
2322
In base 3, what is -102221012120 - -2?
-102221012111
In base 16, what is -7 + 27ac?
27a5
In base 4, what is -11 - 13220322?
-13220333
In base 3, what is 2 + -201012021?
-201012012
In base 16, what is -df - 4d?
-12c
In base 3, what is -22 - 220120001000?
-220120001022
In base 15, what is -8 - -84a5?
849c
In base 16, what is -8236 + 0?
-8236
In base 16, what is -4 - 16f9?
-16fd
In base 12, what is -48 + 2b7?
26b
In base 13, what is -20cc + -3?
-2102
In base 11, what is -4876 - 4?
-487a
In base 4, what is -112023 + 11?
-112012
In base 4, what is -102313112 - 33?
-102313211
In base 14, what is 8c + -73?
19
In base 5, what is -134232 - -3?
-134224
In base 15, what is -2a - 2e9?
-324
In base 5, what is -11 - -4424410?
4424344
In base 4, what is -11101311 + -33?
-11102010
In base 12, what is -12630 + -34?
-12664
In base 13, what is 787 + -436?
351
In base 14, what is 5a + 89?
105
In base 5, what is 4 + -424320?
-424311
In base 9, what is 3520 - 216?
3303
In base 10, what is 3 - -6041?
6044
In base 4, what is -1 - 2111313?
-2111320
In base 11, what is -292 - 2410?
-26a2
I